{"version":"1.0","provider_name":"Kik az \u0151seink?-Csal\u00e1dfakutat\u00e1si szolg\u00e1ltat\u00e1s","provider_url":"https:\/\/kikazoseink.cafeblog.hu","author_name":"Sz\u00fccs Krisztina","author_url":"https:\/\/kikazoseink.cafeblog.hu\/author\/szucs_krisztina\/","title":"\u00c1ln\u00e9ven t\u00fal\u00e9lni - egy zsid\u00f3 kisl\u00e1ny megmenek\u00fcl\u00e9se","html":"<div class=\"\" dir=\"auto\">\r\n<div id=\"jsc_c_4c\" class=\"ecm0bbzt hv4rvrfc ihqw7lf3 dati1w0a\">\r\n<div class=\"j83agx80 cbu4d94t ew0dbk1b irj2b8pg\">\r\n<div class=\"qzhwtbm6 knvmm38d\">\r\n<div class=\"kvgmc6g5 cxmmr5t8 oygrvhab hcukyx3x c1et5uql ii04i59q\">\r\n<p>Legut\u00f3bbi kedves Megb\u00edz\u00f3m m\u00e1r az els\u0151 telefonbesz\u00e9lget\u00e9s\u00fcnk alkalm\u00e1val <strong>fel\u00e9bresztette a k\u00edv\u00e1ncsis\u00e1gom<\/strong> \u00e9s egy olyan t\u00f6rt\u00e9netet v\u00e1zolt, amibe beleborzongtam.\u00a0 Arra gondoltam, \"na ha siker\u00fcl ebb\u0151l valamit kider\u00edtenem ez lesz a k\u00f6vetkez\u0151, amir\u0151l \u00edrni fogok az oldalamon nektek\"! \u00c9s... bebizonyosodott, hogy <strong>a vad\u00e1sz \u00f6szt\u00f6neim megint nem hagytak cserben<\/strong>!\u00a0<\/p>\r\n<p>Megb\u00edz\u00f3m nagymam\u00e1j\u00e1r\u00f3l az a h\u00edr j\u00e1rta, hogy <strong>nem azon a n\u00e9ven l\u00e1tta meg a napvil\u00e1got<\/strong>,\u00a0\u00a0amilyen n\u00e9ven ismert volt a csal\u00e1dja sz\u00e1m\u00e1ra. Keringett egy t\u00f6rt\u00e9net arr\u00f3l is, hogy<strong> zsid\u00f3 sz\u00e1rmaz\u00e1s\u00fa volt<\/strong> \u00e9s a II. vil\u00e1gh\u00e1bor\u00fa idej\u00e9n <strong>megkapta egy korban egyez\u0151 katolikus kisl\u00e1ny pap\u00edrjait<\/strong>,\u00a0 amivel \u00e1t tudta v\u00e9szelni az akkori zavaros id\u0151ket. Rebesgetett egy n\u0151i nevet, ahogy eml\u00e9kei szerint a sz\u00fcl\u0151anyj\u00e1t h\u00edvt\u00e1k.\u00a0Arra is eml\u00e9kezett, hogy k\u00f6r\u00fclbel\u00fcl mikor halt meg.<\/p>\r\n<p>Mint megtudtam, a csal\u00e1d \u00e9lete m\u00e1r 100 \u00e9ve egy Szondi utcai b\u00e9rh\u00e1zban zajlik a VI. ker\u00fcletben, itt lakott a nagymama is annak idej\u00e9n.<\/p>\r\n<p><img class=\"size-medium wp-image-45 alignleft\" src=\"https:\/\/kikazoseink.cafeblog.hu\/files\/2020\/07\/25798138712_3f5040f5cc_b-246x300.jpg\" alt=\"\" width=\"246\" height=\"300\" \/>Nekil\u00e1ttam h\u00e1t a VI. ker\u00fcleti anyak\u00f6nyvek \u00e1tvizsg\u00e1l\u00e1s\u00e1nak. Volt egy n\u0151i nevem \u00e9s egy k\u00f6r\u00fclbel\u00fcli \u00e9vsz\u00e1mom, amikor meghalt.<\/p>\r\n<p><strong>Hm... Volt egy tal\u00e1latom!<\/strong><\/p>\r\n<p>Az \u00e1ll\u00edt\u00f3lagos \u00e9desanya 1930-ban hunyt el 29 \u00e9ves kor\u00e1ban \"sz\u00edvbajban\", hajadonk\u00e9nt. Megtudtam azt is, hogy ett\u0151l f\u00fcggetlen\u00fcl sz\u00fcletett egy kisl\u00e1nya valamikor, ezek szerint le\u00e1nyanyak\u00e9nt sz\u00fclte, de az apa a nev\u00e9re vette a gyermeket. A Szinyei Merse P\u00e1l utc\u00e1ban \u00e9lt \u00e9s <strong>kenyeres l\u00e1nyk\u00e9nt<\/strong> dolgozott. (Mit jelenthetett ez akkoriban? \u0150 hordta sz\u00e9t a p\u00e9k\u00e1rut a k\u00f6rny\u00e9ken? V\u00e1rom az \u00f6tleteket kommentben!)<\/p>\r\n<p>Leellen\u0151riztem, az \u00e9desanya pont 150 m\u00e9terre lakott a bizonyos Szondi utcai h\u00e1zt\u00f3l. \u00c9reztem, hogy ilyen <strong>v\u00e9letlenek nincsenek<\/strong>, tov\u00e1bb kutattam h\u00e1t. Meg is tal\u00e1ltam a kenyeres kisasszony felmen\u0151it eg\u00e9szen a Budapesten praktiz\u00e1l\u00f3, 1812-ben Pozsonyban sz\u00fcletett orvos d\u00e9dap\u00e1ig. De ez a t\u00f6rt\u00e9net szempontj\u00e1b\u00f3l l\u00e9nyegtegtelen is.\u00a0<\/p>\r\n<p>Amivel biztoss\u00e1 v\u00e1lt, hogy a megtal\u00e1lt h\u00f6lgy val\u00f3ban a keresett \u00e9desanya az annak a <strong>felfedez\u00e9semnek\u00a0k\u00f6sz\u00f6nhet\u0151<\/strong>, hogy l\u00e9tezett a h\u00f6lgynek egy b\u00e1tyja is. Ez a testv\u00e9rb\u00e1ty 1920-ban h\u00e1zasodott \u00e9s hogy-hogy nem, abban a bizonyos Szondi utcai h\u00e1zban \u00e9lt!! Ennyit a v\u00e9letlenekr\u0151l, amik ugye nincsenek!<\/p>\r\n<p>A t\u00f6rt\u00e9net tov\u00e1bbi r\u00e9sze puszta felt\u00e9telez\u00e9s.<\/p>\r\n<p>Az \u00e9desanya 1930-ban bek\u00f6vetkezett hal\u00e1lakor val\u00f3sz\u00edn\u0171s\u00edthet\u0151, hogy a testv\u00e9rb\u00e1ty fogadta mag\u00e1hoz az apa \u00e9s anya n\u00e9lk\u00fcl maradt kisl\u00e1nyt a Szondi utcai lak\u00e1sukba. Itt \u00e9lt szomsz\u00e9dk\u00e9nt \u00e1ll\u00edt\u00f3lag az a csal\u00e1d, akinek sejthet\u0151en meghalt a l\u00e1nyuk (vagy t\u00e1volabbi rokon l\u00e1ny?), \u00e9s ennek a zsid\u00f3 \u00e1rv\u00e1nak adt\u00e1k a pap\u00edrjait.<\/p>\r\n<p>A t\u00f6rt\u00e9netet m\u00e9g tudom f\u0171szerezni <strong>egy kis romantik\u00e1val\u00a0is<\/strong>.. A friss nevet\/ \u00e9s csal\u00e1dot kapott kisl\u00e1ny \u00e9s a vadi \u00faj \"testv\u00e9re\" egy csinos fiatalember egym\u00e1sba szeretett \u00e9s \u00f6sszeh\u00e1zasodott! Hogy hogyan, azt nem tudni \u00e9s a csal\u00e1d sem adta el\u0151 a hivatalos anyak\u00f6nyveket, hisz k\u00e9t \u00e9destestv\u00e9r nyilv\u00e1n nem h\u00e1zasodhatott.. Ez a r\u00e9sz maradjon is hom\u00e1lyban!<\/p>\r\n<p>Hab a tort\u00e1n.. eltelt h\u00fasz \u00e9v, az eset ut\u00e1n, \u00e9s a p\u00e1r fia aut\u00f3szerel\u0151k\u00e9nt dolgozott a Szinyei Merse P\u00e1l utc\u00e1ban. Arra j\u00e1rt egy fiatal l\u00e1ny, akinek <strong>elgurult a szatyr\u00e1b\u00f3l egy alma<\/strong> <img class=\"size-medium wp-image-153 alignright\" src=\"https:\/\/kikazoseink.cafeblog.hu\/files\/2020\/07\/fruits-5239316_640-200x300.jpg\" alt=\"alma\" width=\"200\" height=\"300\" \/>egyenesen a fi\u00fa l\u00e1ba el\u00e9... H\u00e1t... m\u00e9g egy szerelem sz\u00f6v\u0151d\u00f6tt az utc\u00e1ban, k\u00e9s\u0151bbi gyermek\u00e1ld\u00e1ssal!<\/p>\r\n<p>Nem tudom, hov\u00e1 lehet ezt m\u00e9g fokozni! Mindenesetre nagyon \u00f6r\u00fcl\u00f6k, hogy <strong>megint seg\u00edtettem megoldani egy csal\u00e1di rejt\u00e9lyt!<\/strong>\u00a0A csal\u00e1d m\u00e1sik \u00e1g\u00e1t m\u00e9g ki se kutattam, most \u00e1llok neki! Ott is lesz \u00e1ll\u00edt\u00f3lag p\u00e1r izgalmas sztori, j\u00f6v\u00f6k majd vel\u00fck!<\/p>\r\n<p><strong>Ha n\u00e1latok is kering kinyomozni val\u00f3 mendemonda, \"csal\u00e1di titok\" keress b\u00e1tran!<\/strong><\/p>\r\n<p><strong>Te adod a sztorit \u00e9s a fennmaradt\u00a0t\u00e9nyeket, \u00e9n pedig adom a szak\u00e9rtelmem \u00e9s a lelkesed\u00e9sem!<\/strong><\/p>\r\n<p>Ha \u00fagy \u00e9rzed m\u00e1st is \u00e9rdekelhet ez a lehet\u0151s\u00e9g, oszd meg k\u00e9rlek a cikket! K\u00f6sz\u00f6n\u00f6m!<\/p>\r\n<p>A fot\u00f3 forr\u00e1sa <a href=\"https:\/\/l.facebook.com\/l.php?u=http%3A%2F%2Fflickr.com%2F%3Ffbclid%3DIwAR0fiG0vGW79AuuRhhCu6cqsfKjI6L6ESep_hWLDeuH0uvgc6OETm0-4mWw&amp;h=AT3WDIpb9kCK57GNdBfGOc8BGUBwOAFQtkEIxOpk1Jt5lEva3Uokk2XZN3SzfRb-G8vQEAz528YHQMmZ20AtyLh6Nl-eL4cJleVlCKvh2OIGAqu9sHTxb3YYDEpkc4G8pI0o&amp;__tn__=-UK-R&amp;c%5b0%5d=AT1hFfSvSSfmVawGcLHdF9l6OihGHiWYP_cRxdqIHn6UIQFiXVc_zjV_-KnxKgzClQQ8YBJqPyS30MRgNHz4l_SYbHTZ9hEP5J7_ts0_wQNWrt5m70cowobFZkBjCVu5qrUfH_PGRkoKi-dnEbobU22hM6WCpYpBfzZNRQ1R0QQK0AQKqhJQZjpEGQ\">flickr.com<\/a>, nem a sz\u00f3ban forg\u00f3 kisl\u00e1nyt \u00e1br\u00e1zolja! Valamint pixabay.<\/p>\r\n<p><a href=\"https:\/\/www.facebook.com\/hashtag\/kikaz%C5%91seink?__eep__=6&amp;__cft__%5b0%5d=AZU9PcfjIO9RAQV7Uve939ZjEn1oqfIKO9VklQkFPiy-wGJexLUAJyxjReLsj1TpxvJUIheTgrAtzNMEbc7SrR-NFaG43xk1FkRjBiSTrlrodhzQsapRwwgcvlHh93TWZuM02cne73-upAfdAUWE41zg48N-5dBKbk4OYKWeSiEJhg&amp;__tn__=*NK-R\">#kikaz\u0151seink #csal\u00e1dfakutat\u00e1s<\/a><\/p>\r\n<p>&nbsp;<\/p>\r\n<\/div>\r\n<\/div>\r\n<\/div>\r\n<\/div>\r\n<\/div>","type":"rich","thumbnail_url":"https:\/\/kikazoseink.cafeblog.hu\/files\/2020\/07\/kisl\u00e1ny-2-150x150.jpg","thumbnail_width":150,"thumbnail_height":150}

Kik az őseink?-Családfakutatási szolgáltatás

Szücs Krisztina

Álnéven túlélni - egy zsidó kislány megmenekülése

<div class="" dir="auto">
<div id="jsc_c_4c" class="ecm0bbzt hv4rvrfc ihqw7lf3 dati1w0a">
<div class="j83agx80 cbu4d94t ew0dbk1b irj2b8pg">
<div class="qzhwtbm6 knvmm38d">
<div class="kvgmc6g5 cxmmr5t8 oygrvhab hcukyx3x c1et5uql ii04i59q">
<p>Legutóbbi kedves Megbízóm már az első telefonbeszélgetésünk alkalmával <strong>felébresztette a kíváncsiságom</strong> és egy olyan történetet vázolt, amibe beleborzongtam.  Arra gondoltam, "na ha sikerül ebből valamit kiderítenem ez lesz a következő, amiről írni fogok az oldalamon nektek"! És... bebizonyosodott, hogy <strong>a vadász ösztöneim megint nem hagytak cserben</strong>! </p>
<p>Megbízóm nagymamájáról az a hír járta, hogy <strong>nem azon a néven látta meg a napvilágot</strong>,  amilyen néven ismert volt a családja számára. Keringett egy történet arról is, hogy<strong> zsidó származású volt</strong> és a II. világháború idején <strong>megkapta egy korban egyező katolikus kislány papírjait</strong>,  amivel át tudta vészelni az akkori zavaros időket. Rebesgetett egy női nevet, ahogy emlékei szerint a szülőanyját hívták. Arra is emlékezett, hogy körülbelül mikor halt meg.</p>
<p>Mint megtudtam, a család élete már 100 éve egy Szondi utcai bérházban zajlik a VI. kerületben, itt lakott a nagymama is annak idején.</p>
<p><img class="size-medium wp-image-45 alignleft" src="https://kikazoseink.cafeblog.hu/files/2020/07/25798138712_3f5040f5cc_b-246x300.jpg" alt="" width="246" height="300" />Nekiláttam hát a VI. kerületi anyakönyvek átvizsgálásának. Volt egy női nevem és egy körülbelüli évszámom, amikor meghalt.</p>
<p><strong>Hm... Volt egy találatom!</strong></p>
<p>Az állítólagos édesanya 1930-ban hunyt el 29 éves korában "szívbajban", hajadonként. Megtudtam azt is, hogy ettől függetlenül született egy kislánya valamikor, ezek szerint leányanyaként szülte, de az apa a nevére vette a gyermeket. A Szinyei Merse Pál utcában élt és <strong>kenyeres lányként</strong> dolgozott. (Mit jelenthetett ez akkoriban? Ő hordta szét a pékárut a környéken? Várom az ötleteket kommentben!)</p>
<p>Leellenőriztem, az édesanya pont 150 méterre lakott a bizonyos Szondi utcai háztól. Éreztem, hogy ilyen <strong>véletlenek nincsenek</strong>, tovább kutattam hát. Meg is találtam a kenyeres kisasszony felmenőit egészen a Budapesten praktizáló, 1812-ben Pozsonyban született orvos dédapáig. De ez a történet szempontjából lényegtegtelen is. </p>
<p>Amivel biztossá vált, hogy a megtalált hölgy valóban a keresett édesanya az annak a <strong>felfedezésemnek köszönhető</strong>, hogy létezett a hölgynek egy bátyja is. Ez a testvérbáty 1920-ban házasodott és hogy-hogy nem, abban a bizonyos Szondi utcai házban élt!! Ennyit a véletlenekről, amik ugye nincsenek!</p>
<p>A történet további része puszta feltételezés.</p>
<p>Az édesanya 1930-ban bekövetkezett halálakor valószínűsíthető, hogy a testvérbáty fogadta magához az apa és anya nélkül maradt kislányt a Szondi utcai lakásukba. Itt élt szomszédként állítólag az a család, akinek sejthetően meghalt a lányuk (vagy távolabbi rokon lány?), és ennek a zsidó árvának adták a papírjait.</p>
<p>A történetet még tudom fűszerezni <strong>egy kis romantikával is</strong>.. A friss nevet/ és családot kapott kislány és a vadi új "testvére" egy csinos fiatalember egymásba szeretett és összeházasodott! Hogy hogyan, azt nem tudni és a család sem adta elő a hivatalos anyakönyveket, hisz két édestestvér nyilván nem házasodhatott.. Ez a rész maradjon is homályban!</p>
<p>Hab a tortán.. eltelt húsz év, az eset után, és a pár fia autószerelőként dolgozott a Szinyei Merse Pál utcában. Arra járt egy fiatal lány, akinek <strong>elgurult a szatyrából egy alma</strong> <img class="size-medium wp-image-153 alignright" src="https://kikazoseink.cafeblog.hu/files/2020/07/fruits-5239316_640-200x300.jpg" alt="alma" width="200" height="300" />egyenesen a fiú lába elé... Hát... még egy szerelem szövődött az utcában, későbbi gyermekáldással!</p>
<p>Nem tudom, hová lehet ezt még fokozni! Mindenesetre nagyon örülök, hogy <strong>megint segítettem megoldani egy családi rejtélyt!</strong> A család másik ágát még ki se kutattam, most állok neki! Ott is lesz állítólag pár izgalmas sztori, jövök majd velük!</p>
<p><strong>Ha nálatok is kering kinyomozni való mendemonda, "családi titok" keress bátran!</strong></p>
<p><strong>Te adod a sztorit és a fennmaradt tényeket, én pedig adom a szakértelmem és a lelkesedésem!</strong></p>
<p>Ha úgy érzed mást is érdekelhet ez a lehetőség, oszd meg kérlek a cikket! Köszönöm!</p>
<p>A fotó forrása <a href="https://l.facebook.com/l.php?u=http%3A%2F%2Fflickr.com%2F%3Ffbclid%3DIwAR0fiG0vGW79AuuRhhCu6cqsfKjI6L6ESep_hWLDeuH0uvgc6OETm0-4mWw&amp;h=AT3WDIpb9kCK57GNdBfGOc8BGUBwOAFQtkEIxOpk1Jt5lEva3Uokk2XZN3SzfRb-G8vQEAz528YHQMmZ20AtyLh6Nl-eL4cJleVlCKvh2OIGAqu9sHTxb3YYDEpkc4G8pI0o&amp;__tn__=-UK-R&amp;c%5b0%5d=AT1hFfSvSSfmVawGcLHdF9l6OihGHiWYP_cRxdqIHn6UIQFiXVc_zjV_-KnxKgzClQQ8YBJqPyS30MRgNHz4l_SYbHTZ9hEP5J7_ts0_wQNWrt5m70cowobFZkBjCVu5qrUfH_PGRkoKi-dnEbobU22hM6WCpYpBfzZNRQ1R0QQK0AQKqhJQZjpEGQ">flickr.com</a>, nem a szóban forgó kislányt ábrázolja! Valamint pixabay.</p>
<p><a href="https://www.facebook.com/hashtag/kikaz%C5%91seink?__eep__=6&amp;__cft__%5b0%5d=AZU9PcfjIO9RAQV7Uve939ZjEn1oqfIKO9VklQkFPiy-wGJexLUAJyxjReLsj1TpxvJUIheTgrAtzNMEbc7SrR-NFaG43xk1FkRjBiSTrlrodhzQsapRwwgcvlHh93TWZuM02cne73-upAfdAUWE41zg48N-5dBKbk4OYKWeSiEJhg&amp;__tn__=*NK-R">#kikazőseink #családfakutatás</a></p>
<p>&nbsp;</p>
</div>
</div>
</div>
</div>
</div>

https://kikazoseink.cafeblog.hu/files/2020/07/kislány-2-150x150.jpg
